 c - -1375. What are the prime factors of t?
569
Let t = -1986 + 8498. What are the prime factors of t?
2, 11, 37
Let n be (2/(-3))/(-2*1/12). Let t be (-2685)/(-25) + n/(-10). Suppose -63 = -5*p + t. What are the prime factors of p?
2, 17
Let o = 27 - 20. Let t be 0 + 2/o + 240/42. Suppose -t*j + 738 = 3*j. What are the prime factors of j?
2, 41
Let z(m) be the first derivative of -8*m**2 - m - 1. Suppose -27*n + 32*n + 4*f = -35, 2*n + 14 = -2*f. What are the prime factors of z(n)?
3, 37
Let q(k) = k**2 + 6*k + 4. Let f be q(-6). Suppose 0 = 5*n - 5*u + 326 + 139, -379 = f*n + 3*u. Let y = -87 - n. List the prime factors of y.
7
Suppose -c = -2*t - 2373, -11*t = -c - 7*t + 2369. List the prime factors of c.
2377
Let k(s) = -s**3 + 7*s**2 - 16. Let f be k(7). Let a(h) = -h**3 - 17*h**2 - 30*h - 40. What are the prime factors of a(f)?
2, 23
Suppose 2107*h - 2091*h - 310736 = 0. What are the prime factors of h?
19421
What are the prime factors of (1 - (-1 + 1)) + -11 + 1 + 13106?
7, 1871
Let r(o) = 31*o + 3. Let j be r(-1). Let s(i) = -i**2 - 33*i - 57. Let u be s(j). Let x = 85 - u. List the prime factors of x.
2
Let r(u) = -9*u**3 - 20*u**2 - 77*u - 736. What are the prime factors of r(-16)?
2, 5, 13, 31
List the prime factors of ((-82408)/(12 - 10))/((-8)/2).
10301
Suppose -5*p - 50*q = -54*q - 64716, -q - 64734 = -5*p. What are the prime factors of p?
2, 3, 13, 83
Let d be ((-2)/(-2))/(4 - 462/116). Let c = d - 45. Suppose 0 = -9*v + c*v - 40. List the prime factors of v.
2, 5
Let j = 32 - 17. Let a = j - -98. What are the prime factors of a?
113
Let q(o) be the first derivative of 3*o**4/4 - o**3/3 - 3*o**2 + 10*o - 37. Let v(a) = -3*a**3 + 3*a**2 - a - 3. Let p be v(-1). List the prime factors of q(p).
2, 3
Suppose -6*f - 4670 = 17*f - 25*f. What are the prime factors of f?
5, 467
Let t(s) = 759*s + 5270. List the prime factors of t(73).
47, 1291
Let y = -71 - -75. Suppose -1 = -t - y. List the prime factors of 76*(2 + 6/t - -2).
2, 19
Let t(x) = x**3 - 6*x**2 + 9*x - 5. Let u be t(2). List the prime factors of 11861/58 + u/6.
2, 3, 17
Suppose -f = 2*h - 7503, -h + f = -3153 - 591. Suppose -s - 2*m = 4*s - h, 759 = s + 5*m. List the prime factors of s.
7, 107
Let f(y) = 45*y + 404. List the prime factors of f(89).
4409
Let o = 55 - 43. Let h be (-6)/(-9) + (-3 - (-100)/o). What are the prime factors of ((-3)/h*2)/(1/(-138))?
2, 3, 23
Let c be (7 - 3) + -6 + 13. Suppose 3*q - c = 1. Suppose 0 = q*j - 5*j + 186. List the prime factors of j.
2, 3, 31
List the prime factors of 0 + 70131/33 - 19/((-2926)/(-28)).
5, 17
What are the prime factors of 105826/24 + (-8)/(-24) - 42/56?
4409
Let p(x) = -18 + 76*x + 14 + 58*x. List the prime factors of p(1).
2, 5, 13
Let c(r) = 15*r + 1. Let x(o) = o**2 + 3*o + 1. Suppose -2*t - 1 = 7. Let j be x(t). List the prime factors of c(j).
2, 19
Suppose -5*l = 1 + 9. Let p(h) be the third derivative of 7*h**5/15 + h**3/6 + 17*h**2 - 5. List the prime factors of p(l).
113
Let m = -33229 + 49717. Suppose -47*r - m + 54934 = 0. List the prime factors of r.
2, 409
List the prime factors of ((-13)/5 - (-4)/2)/((-243)/17597655).
43451
Let i = -253 + -154. Let p = i - -930. List the prime factors of p.
523
Let m = 2945 - -279. List the prime factors of m.
2, 13, 31
Let g(t) = 5*t**3 - 42*t**2 + 88*t - 32. List the prime factors of g(19).
20773
Let p(j) = -22*j + 6. Let y be p(-9). Suppose y*o - 210*o + 426 = 0. List the prime factors of o.
71
Suppose -8 = -4*o, 44*o - 53635 = -3*c + 48*o. What are the prime factors of c?
17881
List the prime factors of (6/(-48)*12)/((-42)/1320032).
2, 71, 83
Let z = 37758 + -22536. List the prime factors of z.
2, 3, 43, 59
Let v(d) = -d**3 - 6*d**2 + d + 9. Let t be v(-7). Suppose 7*m - 46*m = 624. Let l = m + t. What are the prime factors of l?
5, 7
Let r(n) = -n**2 - 30*n - 26. Suppose 0 = 10*d + 22 - 82. Suppose d*p = 5*p - 27. List the prime factors of r(p).
5, 11
Suppose 0 = -2*t - 4*v + 3028, 5*v = 29*t - 32*t + 4545. List the prime factors of t.
2, 5, 19
Let i(m) = -23*m - 30. Let t be i(-15). Let d = -240 - -51. Let r = t + d. List the prime factors of r.
2, 3, 7
Suppose 115*n + 8 = 119*n. Suppose -5*x + n*d = -0*d - 158, -3*d + 99 = 3*x. Suppose 0 = -14*v + 6*v + x. What are the prime factors of v?
2
Let y(a) = 3*a**2 - 35*a + 27. Let s be y(11). Suppose -4*q + 190 = s*x, -3*q + 0*q = x - 148. What are the prime factors of q?
2, 5
Let r(a) = -2*a**2 + 6*a + 111. Suppose 10 = 2*y - 3*h + 8*h, 6 = -3*y + 3*h. List the prime factors of r(y).
3, 37
Suppose 26*j + 50044 - 6806 = 0. Let y = 3017 + j. What are the prime factors of y?
2, 677
Let u be (-11)/66 - (0 - 111/18). Suppose -u*k + 520 + 38 = 0. List the prime factors of k.
3, 31
Suppose 2*k = 3*t - 9, 2*k - 2*t = 2*t - 8. What are the prime factors of (69/(-46))/(k/1396)?
349
Let d be (0 - -1441) + -12 + 14. Suppose 1687 + d = 10*h. What are the prime factors of h?
313
List the prime factors of (5/(20/58896))/((-321)/(-1712)).
2, 3, 409
Let o(v) = -v**3 - 8*v**2 + 9*v - 2. Let q be o(-9). Let r be 17/(-17)*6/q. Suppose 3*p = 5*h - 361, -r*h + 203 = -3*p + 8*p. List the prime factors of h.
71
Suppose -2*s + 4*s - 5*g - 3 = 0, -9 = 4*s + 5*g. Let d be (3 + 2 - 5) + s. List the prime factors of (-73 - -2)*d - 4.
67
Let m(r) = -6*r - 20. Let s be m(-3). Let n(f) = 156*f**2 + 13*f + 17. What are the prime factors of n(s)?
3, 5, 41
Let p = 53 - 48. Let t be 2*p*3/(0 + 3). Suppose -4*k = 3*y - 327, 4*y = 5*k - t*k + 410. List the prime factors of k.
2, 3, 13
Let u = -149 + 172. Let y = u + 164. What are the prime factors of y?
11, 17
Suppose -2*q + 13*o = 10*o - 15022, -11*q + 3*o + 82648 = 0. What are the prime factors of q?
2, 13, 17
Let b = -13076 - -19141. Let g = -2905 + b. What are the prime factors of (8/(-10))/((-16)/g)?
2, 79
Suppose 21 = -v - 3*n, -4*v - 11*n - 49 = -6*n. List the prime factors of ((-1)/(-7))/(v/(-18186)).
433
Suppose -136 = -2*d - 3*p, -3*d - p + 282 = 92. Let y = d + 111. List the prime factors of y.
173
List the prime factors of (-8)/(80/(-58550)) + (0 - -8).
11, 13, 41
Let f = -24 - -31. Let b = f - -21. List the prime factors of (1 + (-51)/(-1))*49/b.
7, 13
Let t(j) = -j**3 - 14*j**2 - 22*j + 2. Let c be t(-12). Let d = -28 - c. What are the prime factors of d/4*-188 - -5?
7, 41
Suppose 12 = 5*u + 37. Let k be (-18)/(-12) + (5535/(-6))/u. Let y = 331 - k. What are the prime factors of y?
5, 29
Let h = 9438 - 5818. List the prime factors of h.
2, 5, 181
List the prime factors of (3696/(-627) - (-6)/1) + 5061833/133.
7, 5437
Let u be 4 + (1 - 2) - 3. Let b(m) = -m**3 - m**2 + 2. Let g be b(u). Suppose 134 = g*x + 18. List the prime factors of x.
2, 29
Let z = -2181 + 5290. List the prime factors of z.
3109
Let g be 0 + -548*(-2)/4. Suppose -2*f = -3*f + g. Let m = f + -148. List the prime factors of m.
2, 3, 7
Let n(i) = i**2 + i - 5. Let f be n(-3). Let t be (25/5 + f)*4/6. Suppose t*a - 3*h - 345 = 126, -4*a + 465 = 3*h. List the prime factors of a.
3, 13
Let s(w) = -w**3 + 10*w**2 - 12*w + 7. Let t be -5*8/(-20) + 4. Let l be s(t). Let a = l - 54. List the prime factors of a.
5
Suppose 18*p - 13*p - 940 = 0. Let i = 332 + p. What are the prime factors of i?
2, 5, 13
Let h be 6/10 - 103120/(-50). Let i = -755 + h. What are the prime factors of i?
2, 3, 109
Let z = 11540 - 7768. List the prime factors of z.
2, 23, 41
Suppose 2*a + 2*s + 172 = 0, 2*s + 116 = -a + 7*s. Let z = 86 - a. What are the prime factors of z?
3, 59
Let g be 127/(-5) - ((-52)/(-20) + -3). Let q = -22 - g. List the prime factors of 9/6*130/q.
5, 13
Let n(u) = 22*u**3 - u**2 - 3 + 27*u**3 + u - 40*u**3 + 55*u**3. What are the prime factors of n(2)?
3, 13
Suppose 96*j = 97*j - 4*c - 12209, 0 = 4*j + 3*c - 48741. List the prime factors of j.
3, 17, 239
Let r be (54 + 1)*(-19)/(-19). Let v = r - 110. Let l = 3 - v. List the prime factors of l.
2, 29
Let t(h) = 49*h**2 - h + 1. Let a(u) = u**2 - 21*u - 19. Let s be a(22). Suppose -s*r + 7 = -5*v + 5, 0 = 3*r + 5*v + 8. What are the prime factors of t(r)?
3, 17
Let u = -185 - 17. What are the prime factors of (u/28 - (-2)/(-7))*-82?
3, 5, 41
Suppose -6*y - 24 = -10*y. Let g be ((-8)/y - -1)/(14/(-84)). List the prime factors of (-2)/5*(-138 - g).
2, 7
Let h = 3935 + 610. What are 